{"id":15,"date":"2024-09-25T13:00:53","date_gmt":"2024-09-25T13:00:53","guid":{"rendered":"https:\/\/www.musso.louisst.o2switch.site\/blog\/?page_id=15"},"modified":"2024-11-09T11:48:58","modified_gmt":"2024-11-09T11:48:58","slug":"formation","status":"publish","type":"page","link":"https:\/\/www.musso.louisst.o2switch.site\/blog\/formation\/","title":{"rendered":"Formation"},"content":{"rendered":"\n<div><iframe src=\"https:\/\/maps.google.com\/maps?q=58+rue+pierre+Dupont%2C+Lyon&amp;z=13&amp;t=m&amp;output=embed\" style=\"border:0;height:300px;width:100%\"><\/iframe><\/div>\n\n\n\n<p>Le BTS NDRC (N\u00e9gociation et Digitalisation de la Relation Client) est une formation de niveau Bac+2 qui pr\u00e9pare les \u00e9tudiants aux m\u00e9tiers du commerce, de la vente et de la gestion de la relation client.<\/p>\n\n\n\n<p><\/p>\n\n\n\n<div class=\"wp-block-columns is-layout-flex wp-container-core-columns-is-layout-28f84493 wp-block-columns-is-layout-flex\">\n<div class=\"wp-block-column is-layout-flow wp-block-column-is-layout-flow\" style=\"flex-basis:100%\">\n<figure class=\"wp-block-table\"><table class=\"has-fixed-layout\"><tbody><tr><td>Culture \u00c9conomique Juridique et Manag\u00e9riale<\/td><td>5h <\/td><\/tr><tr><td>Relation Client \u00e0 Distance et Digitalisation<\/td><td>6h<\/td><\/tr><tr><td>N\u00e9gociation Relation Client<\/td><td>6h<\/td><\/tr><tr><td>Anglais<\/td><td>3h<\/td><\/tr><tr><td>Animation R\u00e9seau<\/td><td>4h<\/td><\/tr><tr><td>Ateliers Professionnalisation<\/td><td>3h<\/td><\/tr><tr><td>Culture G\u00e9n\u00e9rale et Expression<\/td><td>2h<\/td><\/tr><\/tbody><\/table><\/figure>\n<\/div>\n<\/div>\n\n\n\n<p><\/p>\n","protected":false},"excerpt":{"rendered":"<p>Le BTS NDRC (N\u00e9gociation et Digitalisation de la Relation Client) est une formation de niveau Bac+2 qui pr\u00e9pare les \u00e9tudiants [&hellip;]<\/p>\n","protected":false},"author":1,"featured_media":0,"parent":0,"menu_order":0,"comment_status":"closed","ping_status":"closed","template":"","meta":{"_uag_custom_page_level_css":"","site-sidebar-layout":"default","site-content-layout":"","ast-site-content-layout":"default","site-content-style":"default","site-sidebar-style":"default","ast-global-header-display":"","ast-banner-title-visibility":"","ast-main-header-display":"","ast-hfb-above-header-display":"","ast-hfb-below-header-display":"","ast-hfb-mobile-header-display":"","site-post-title":"","ast-breadcrumbs-content":"","ast-featured-img":"","footer-sml-layout":"","theme-transparent-header-meta":"","adv-header-id-meta":"","stick-header-meta":"","header-above-stick-meta":"","header-main-stick-meta":"","header-below-stick-meta":"","astra-migrate-meta-layouts":"default","ast-page-background-enabled":"default","ast-page-background-meta":{"desktop":{"background-color":"var(--ast-global-color-4)","background-image":"","background-repeat":"repeat","background-position":"center center","background-size":"auto","background-attachment":"scroll","background-type":"","background-media":"","overlay-type":"","overlay-color":"","overlay-opacity":"","overlay-gradient":""},"tablet":{"background-color":"","background-image":"","background-repeat":"repeat","background-position":"center center","background-size":"auto","background-attachment":"scroll","background-type":"","background-media":"","overlay-type":"","overlay-color":"","overlay-opacity":"","overlay-gradient":""},"mobile":{"background-color":"","background-image":"","background-repeat":"repeat","background-position":"center center","background-size":"auto","background-attachment":"scroll","background-type":"","background-media":"","overlay-type":"","overlay-color":"","overlay-opacity":"","overlay-gradient":""}},"ast-content-background-meta":{"desktop":{"background-color":"var(--ast-global-color-5)","background-image":"","background-repeat":"repeat","background-position":"center center","background-size":"auto","background-attachment":"scroll","background-type":"","background-media":"","overlay-type":"","overlay-color":"","overlay-opacity":"","overlay-gradient":""},"tablet":{"background-color":"var(--ast-global-color-5)","background-image":"","background-repeat":"repeat","background-position":"center center","background-size":"auto","background-attachment":"scroll","background-type":"","background-media":"","overlay-type":"","overlay-color":"","overlay-opacity":"","overlay-gradient":""},"mobile":{"background-color":"var(--ast-global-color-5)","background-image":"","background-repeat":"repeat","background-position":"center center","background-size":"auto","background-attachment":"scroll","background-type":"","background-media":"","overlay-type":"","overlay-color":"","overlay-opacity":"","overlay-gradient":""}},"footnotes":""},"class_list":["post-15","page","type-page","status-publish","hentry"],"uagb_featured_image_src":{"full":false,"thumbnail":false,"medium":false,"medium_large":false,"large":false,"1536x1536":false,"2048x2048":false},"uagb_author_info":{"display_name":"admin","author_link":"https:\/\/www.musso.louisst.o2switch.site\/blog\/author\/admin\/"},"uagb_comment_info":0,"uagb_excerpt":"Le BTS NDRC (N\u00e9gociation et Digitalisation de la Relation Client) est une formation de niveau Bac+2 qui pr\u00e9pare les \u00e9tudiants [&hellip;]","_links":{"self":[{"href":"https:\/\/www.musso.louisst.o2switch.site\/blog\/wp-json\/wp\/v2\/pages\/15","targetHints":{"allow":["GET"]}}],"collection":[{"href":"https:\/\/www.musso.louisst.o2switch.site\/blog\/wp-json\/wp\/v2\/pages"}],"about":[{"href":"https:\/\/www.musso.louisst.o2switch.site\/blog\/wp-json\/wp\/v2\/types\/page"}],"author":[{"embeddable":true,"href":"https:\/\/www.musso.louisst.o2switch.site\/blog\/wp-json\/wp\/v2\/users\/1"}],"replies":[{"embeddable":true,"href":"https:\/\/www.musso.louisst.o2switch.site\/blog\/wp-json\/wp\/v2\/comments?post=15"}],"version-history":[{"count":4,"href":"https:\/\/www.musso.louisst.o2switch.site\/blog\/wp-json\/wp\/v2\/pages\/15\/revisions"}],"predecessor-version":[{"id":114,"href":"https:\/\/www.musso.louisst.o2switch.site\/blog\/wp-json\/wp\/v2\/pages\/15\/revisions\/114"}],"wp:attachment":[{"href":"https:\/\/www.musso.louisst.o2switch.site\/blog\/wp-json\/wp\/v2\/media?parent=15"}],"curies":[{"name":"wp","href":"https:\/\/api.w.org\/{rel}","templated":true}]}}